{"id":213,"date":"2024-05-23T08:45:52","date_gmt":"2024-05-23T08:45:52","guid":{"rendered":"https:\/\/staging.capannacristallina.casticino.ch\/wordpress_R\/?page_id=213"},"modified":"2024-12-12T10:33:50","modified_gmt":"2024-12-12T10:33:50","slug":"tariffe-de","status":"publish","type":"page","link":"https:\/\/capannacristallina.casticino.ch\/index.php\/de\/tariffe-de\/","title":{"rendered":"TARIFFE &#8211; DE"},"content":{"rendered":"\n<p><strong><span style=\"color: #cf2e2e;\" class=\"stk-highlight\">ACHTUNG<\/span><\/strong>: <strong>Nur Cash<\/strong>: Schweizer Franken. Leider nehmen wir&nbsp;<strong>KEINE EURO&nbsp;<\/strong><\/p>\n\n\n\n<p>Uebernachtung und Halbpension<\/p>\n\n\n\n<p><strong>Pernottamento + mezza pensione (Cena e colazione)<\/strong><br><em>IVA e tassa di soggiorno inclusa nel prezzo<\/em><\/p>\n\n\n\n<figure class=\"wp-block-table\"><table><thead><tr><th colspan=\"3\">SAC-Mitglieder und Mitglieder von Organisationen mit Gegenrecht<\/th><\/tr><\/thead><tbody><tr><td>Kleinkinder<\/td><td>&lt; 8 Jahre<\/td><td>Fr. 30.- <span style=\"color: #858383;\" class=\"stk-highlight\">(davon \u00dcbernachtung 10.-)<\/span><\/td><\/tr><tr><td>Kinder<\/td><td>8 bis 14 Jahre<\/td><td>Fr. 50.- <span style=\"color: #858383;\" class=\"stk-highlight\">(<span style=\"color: #858383;\" class=\"stk-highlight\">davon \u00dcbernachtung<\/span> 10.-)<\/span><\/td><\/tr><tr><td>Jugendliche<\/td><td>15 bis 21 Jahre<\/td><td>Fr. 70.- <span style=\"color: #858383;\" class=\"stk-highlight\">(<span style=\"color: #858383;\" class=\"stk-highlight\"><span style=\"color: #858383;\" class=\"stk-highlight\"><span style=\"color: #858383;\" class=\"stk-highlight\">davon \u00dcbernachtung<\/span><\/span><\/span> 15.-)<\/span><\/td><\/tr><tr><td>Erwachsene<\/td><td>ab 22 Jahre<\/td><td>Fr. 83.- <span style=\"color: #858383;\" class=\"stk-highlight\">(<span style=\"color: #858383;\" class=\"stk-highlight\"><span style=\"color: #858383;\" class=\"stk-highlight\">davon \u00dcbernachtung<\/span><\/span> 28.-)<\/span><\/td><\/tr><tr><td>Bergf\u00fchrer UIAGM<\/td><td><\/td><td>Fr. 50.-<\/td><\/tr><\/tbody><\/table><\/figure>\n\n\n\n<figure class=\"wp-block-table\"><table><thead><tr><th colspan=\"3\">Nicht-Mitglieder<\/th><\/tr><\/thead><tbody><tr><td>Kleinkinder<\/td><td>&lt;8 Jahre<\/td><td>Fr. 30.- <span style=\"color: #858383;\" class=\"stk-highlight\">(<span style=\"color: #858383;\" class=\"stk-highlight\"><span style=\"color: #858383;\" class=\"stk-highlight\">davon \u00dcbernachtung<\/span><\/span> 10.-)<\/span><\/td><\/tr><tr><td>Kinder<\/td><td>8 bis 14 Jahre<\/td><td>Fr. 55.- <span style=\"color: #858383;\" class=\"stk-highlight\">(<span style=\"color: #858383;\" class=\"stk-highlight\"><span style=\"color: #858383;\" class=\"stk-highlight\">davon \u00dcbernachtung<\/span><\/span> 15.-)<\/span><\/td><\/tr><tr><td>Jugendliche<\/td><td>15 bis 21 Jahre<\/td><td>Fr. 77.- <span style=\"color: #858383;\" class=\"stk-highlight\">(<span style=\"color: #858383;\" class=\"stk-highlight\"><span style=\"color: #858383;\" class=\"stk-highlight\">davon \u00dcbernachtung<\/span><\/span> 22.-)<\/span><\/td><\/tr><tr><td>Erwachsene<\/td><td>ab 22 Jahre<\/td><td>Fr. 95.- <span style=\"color: #858383;\" class=\"stk-highlight\">(<span style=\"color: #858383;\" class=\"stk-highlight\"><span style=\"color: #858383;\" class=\"stk-highlight\">davon \u00dcbernachtung<\/span><\/span> 40.-)<\/span><\/td><\/tr><\/tbody><\/table><\/figure>\n\n\n\n<figure class=\"wp-block-table\"><table><thead><tr><th colspan=\"3\">Spezialangebote &#8211; Familienrabatt<\/th><\/tr><\/thead><tbody><tr><td colspan=\"2\"><strong>Sonntag-Donnerstag<\/strong><br>Erm\u00e4ssigung f\u00fcr Kinder &lt;15 Jahren pro \u00dcbernachtung:<\/td><td>Fr. 5.- pro Kind<\/td><\/tr><\/tbody><\/table><\/figure>\n\n\n\n<figure class=\"wp-block-table\"><table><thead><tr><th colspan=\"3\">Angebot f\u00fcr Jugendgruppen (Schulklassen, Pfadi, J&amp;S Kurse)<br>Montag-Donnerstag<\/th><\/tr><\/thead><tbody><tr><td colspan=\"2\"><strong>Kinder bis 14 Jahre<\/strong><\/td><td>Fr. 40.-<\/td><\/tr><tr><td colspan=\"2\"><strong>Jugendliche von 15 bis 18 Jahre<\/strong><\/td><td>Fr. 50.-<\/td><\/tr><\/tbody><\/table><\/figure>\n\n\n\n<figure class=\"wp-block-table\"><table><thead><tr><th colspan=\"3\">Extra<\/th><\/tr><\/thead><tbody><tr><td colspan=\"2\">Dusche (pro Person)<\/td><td>Fr. 5.-<\/td><\/tr><tr><td colspan=\"2\">Marschtee<\/td><td>Inkl.<\/td><\/tr><tr><td colspan=\"2\">Lunch<\/td><td>Fr. 12.-<\/td><\/tr><tr><td colspan=\"2\"><strong>Aus hygienischen Gr\u00fcnden ist die Benutzung eines H\u00fcttenschlafsacks obligatorisch.<\/strong><br>H\u00fcttenschlafsack mieten f\u00fcr<\/td><td>Fr. 7.-<\/td><\/tr><\/tbody><\/table><\/figure>\n\n\n\n<h3 class=\"wp-block-heading\">Online Reservation<\/h3>\n\n\n\n<p>Direkt unter folgendem Link:<br><a href=\"https:\/\/www.hut-reservation.org\/reservation\/book-hut\/20\/wizard\" data-type=\"link\" data-id=\"https:\/\/www.hut-reservation.org\/reservation\/book-hut\/20\/wizard\" target=\"_blank\" rel=\"noreferrer noopener\">www.hut-reservation.org<\/a><br>Bitte geben Sie allf\u00e4llige&nbsp;<strong>Allergien<\/strong>, Unvertr\u00e4glichkeiten,&nbsp;<strong>Vegetarische<\/strong>&nbsp;oder&nbsp;<strong>Vegane<\/strong>&nbsp;Ern\u00e4hrungsweisen bei der Reservation an!<\/p>\n\n\n\n<h3 class=\"wp-block-heading\">Zahlungsmittel<\/h3>\n\n\n\n<p><strong>Nur Cash<\/strong>: Schweizer Franken<br>Leider nehmen wir&nbsp;<strong>KEINE EURO&nbsp;<\/strong><\/p>\n\n\n\n<h3 class=\"wp-block-heading\">Stornierungen<\/h3>\n\n\n\n<p>Wir informieren Sie, dass gem\u00e4\u00df der neuen SAC-Verordnung Reservationen&nbsp;<strong>2 TAGE VOR ANKUNFT<\/strong>&nbsp;(ggf. telefonisch oder per e-mail) storniert werden m\u00fcssen.<br>Lesen Sie die No-Show-Bestimmungen.<\/p>\n\n\n\n<h3 class=\"wp-block-heading\">Kontakt<\/h3>\n\n\n\n<p>E-Mail: <a href=\"mailto:cristallina@casticino.ch\">cristallina@casticino.ch<\/a><br>Telefon: <strong>+41 91 869 23 30<\/strong><br>Anfragen \u00fcber soziale Medien werden normalerweise nicht bearbeitet!<\/p>\n\n\n\n<div class=\"wp-block-stackable-columns stk-block-columns stk-block stk-8a0c872\" data-block-id=\"8a0c872\"><style>.stk-8a0c872-column{--stk-columns-spacing:26px !important;--stk-column-gap:27px !important}<\/style><div class=\"stk-row stk-inner-blocks stk-block-content stk-content-align stk-8a0c872-column\">\n<div class=\"wp-block-stackable-column stk-block-column stk-column stk-block stk-d1ef188 stk-block-background\" data-v=\"4\" data-block-id=\"d1ef188\"><div class=\"stk-column-wrapper stk-block-column__content stk-container stk-d1ef188-container stk--no-background stk--no-padding\"><div class=\"stk-block-content stk-inner-blocks stk-d1ef188-inner-blocks\">\n<p>H\u00fcttenordnung &#8211;&nbsp;<a href=\"https:\/\/capannacristallina.casticino.ch\/wp-content\/uploads\/2024\/05\/Disposizioni_per_gli_ospiti_1.pdf\" data-type=\"attachment\" data-id=\"54\" target=\"_blank\" rel=\"noreferrer noopener\">PDF Herunterladen<\/a><\/p>\n<\/div><\/div><\/div>\n\n\n\n<div class=\"wp-block-stackable-column stk-block-column stk-column stk-block stk-c7020fe stk-block-background\" data-v=\"4\" data-block-id=\"c7020fe\"><div class=\"stk-column-wrapper stk-block-column__content stk-container stk-c7020fe-container stk--no-background stk--no-padding\"><div class=\"stk-block-content stk-inner-blocks stk-c7020fe-inner-blocks\">\n<p>AGB&nbsp;&#8211;&nbsp;<a href=\"https:\/\/capannacristallina.casticino.ch\/wp-content\/uploads\/2024\/05\/2020_Condizioni-Generali_IT-.pdf\" data-type=\"attachment\" data-id=\"55\" target=\"_blank\" rel=\"noreferrer noopener\">PDF Herunterladen<\/a><\/p>\n<\/div><\/div><\/div>\n\n\n\n<div class=\"wp-block-stackable-column stk-block-column stk-column stk-block stk-6781fd7 stk-block-background\" data-v=\"4\" data-block-id=\"6781fd7\"><div class=\"stk-column-wrapper stk-block-column__content stk-container stk-6781fd7-container stk--no-background stk--no-padding\"><div class=\"stk-block-content stk-inner-blocks stk-6781fd7-inner-blocks\">\n<p>Mehr info:<br><a href=\"mailto:cristallina@casticino.ch\">cristallina@casticino.ch<\/a><br>Tel:&nbsp;<a href=\"tel:+41918692330\">+41 (0) 91 869 23 30<\/a><\/p>\n<\/div><\/div><\/div>\n<\/div><\/div>\n","protected":false},"excerpt":{"rendered":"<p>ACHTUNG: Nur Cash: Schweizer Franken. Leider nehmen wir&nbsp;KEINE EURO&nbsp; Uebernachtung und Halbpension Pernottamento + mezza pensione (Cena e colazione)IVA e tassa di soggiorno inclusa nel prezzo SAC-Mitglieder und Mitglieder von Organisationen mit Gegenrecht Kleinkinder &lt; 8 Jahre Fr. 30.- (davon \u00dcbernachtung 10.-) Kinder 8 bis 14 Jahre Fr. 50.- (davon \u00dcbernachtung 10.-) Jugendliche 15 bis [&hellip;]<\/p>\n","protected":false},"author":1,"featured_media":0,"parent":0,"menu_order":0,"comment_status":"closed","ping_status":"closed","template":"","meta":{"pgc_sgb_lightbox_settings":"","footnotes":""},"class_list":["post-213","page","type-page","status-publish","hentry"],"_links":{"self":[{"href":"https:\/\/capannacristallina.casticino.ch\/index.php\/wp-json\/wp\/v2\/pages\/213","targetHints":{"allow":["GET"]}}],"collection":[{"href":"https:\/\/capannacristallina.casticino.ch\/index.php\/wp-json\/wp\/v2\/pages"}],"about":[{"href":"https:\/\/capannacristallina.casticino.ch\/index.php\/wp-json\/wp\/v2\/types\/page"}],"author":[{"embeddable":true,"href":"https:\/\/capannacristallina.casticino.ch\/index.php\/wp-json\/wp\/v2\/users\/1"}],"replies":[{"embeddable":true,"href":"https:\/\/capannacristallina.casticino.ch\/index.php\/wp-json\/wp\/v2\/comments?post=213"}],"version-history":[{"count":8,"href":"https:\/\/capannacristallina.casticino.ch\/index.php\/wp-json\/wp\/v2\/pages\/213\/revisions"}],"predecessor-version":[{"id":482,"href":"https:\/\/capannacristallina.casticino.ch\/index.php\/wp-json\/wp\/v2\/pages\/213\/revisions\/482"}],"wp:attachment":[{"href":"https:\/\/capannacristallina.casticino.ch\/index.php\/wp-json\/wp\/v2\/media?parent=213"}],"curies":[{"name":"wp","href":"https:\/\/api.w.org\/{rel}","templated":true}]}}