{"id":184,"date":"2024-05-22T10:19:12","date_gmt":"2024-05-22T10:19:12","guid":{"rendered":"https:\/\/staging.capannacristallina.casticino.ch\/wordpress_R\/?page_id=184"},"modified":"2024-05-23T08:40:18","modified_gmt":"2024-05-23T08:40:18","slug":"accessi-2","status":"publish","type":"page","link":"https:\/\/capannacristallina.casticino.ch\/index.php\/de\/accessi-2\/","title":{"rendered":"ACCESSI &#8211; DE"},"content":{"rendered":"\n<h3 class=\"wp-block-heading\">Wie erreichen Sie die Cristallina<\/h3>\n\n\n\n<p>W\u00e4hrend den Sommermonaten ist die Cristallina H\u00fctte in wenigen Stunden einfach zu Fuss zu erreichen. Die meisten Wanderwege sind auch f\u00fcr Familien sehr gut geeignet.<\/p>\n\n\n\n<p>Im Winter hingegen bringen Skitouren vom Bedrettotal aus, von Robiei oder vom Formazza Tal her zur H\u00fctte.<\/p>\n\n\n\n<h3 class=\"wp-block-heading\">Lage<\/h3>\n\n\n\n<p>\u2013 Passo Cristallina, Valle Bedretto \u2013 Val Bavona<br>\u2013 H\u00f6he \u00fc. Meer: 2572 m<br>\u2013 LK 1:25\u2019000 Val Bedretto<br>\u2013 Skitourenkarte 265S Nufenenpass<br>\u2013 Koordinate 683.540 \/ 147.300<\/p>\n\n\n\n<h3 class=\"wp-block-heading\">Zustiege<\/h3>\n\n\n\n<p><strong>&nbsp;Sommer:<\/strong><br>\u2013 von &nbsp;<a href=\"https:\/\/www.sac-cas.ch\/de\/huetten-und-touren\/sac-tourenportal\/capanna-cristallina-cas-2147000069\/berg-und-alpinwandern\/von-ossasco-2130\/\">Ossasco<\/a>&nbsp;in ca.&nbsp;3,5 Std.<br>\u2013 vom&nbsp;<a href=\"https:\/\/www.sac-cas.ch\/de\/huetten-und-touren\/sac-tourenportal\/rifugio-maria-luisa-2147455731\/berg-und-alpinwandern\/von-der-capanna-cristallina-cas-ueber-den-passo-san-giacomo-vavm-8n-6903\/\">Passo San Giacomo<\/a>&nbsp;in&nbsp; ca. 4 Std.<br>\u2013 von&nbsp;<a href=\"https:\/\/www.sac-cas.ch\/de\/huetten-und-touren\/sac-tourenportal\/capanna-cristallina-cas-2147000069\/berg-und-alpinwandern\/von-robiei-2133\/\">Robiei<\/a>&nbsp;in ca.&nbsp;3 Std.<br>\u2013 vom&nbsp;<a href=\"https:\/\/www.sac-cas.ch\/de\/huetten-und-touren\/sac-tourenportal\/capanna-cristallina-cas-2147000069\/berg-und-alpinwandern\/vom-lago-del-naret-2141\/\">Lago del Naret<\/a>&nbsp;in ca.&nbsp;2,5 Std.<br>\u2013 von Airolo&nbsp;<a href=\"https:\/\/www.sac-cas.ch\/de\/huetten-und-touren\/sac-tourenportal\/2152\/mountain_hiking\/915\">Pesci\u00fcm<\/a>&nbsp;(\u00fcber den Passo dei Sassi zum&nbsp;<a href=\"https:\/\/www.sac-cas.ch\/de\/huetten-und-touren\/sac-tourenportal\/capanna-cristallina-cas-2147000069\/berg-und-alpinwandern\/vom-lago-del-naret-2141\/\">Passo del Naret und zur Capanna Cristallina<\/a>) in ca. 5 Std.<\/p>\n\n\n\n<p><strong>&nbsp;Winter:<\/strong><br>\u2013 ab<a href=\"https:\/\/www.sac-cas.ch\/de\/huetten-und-touren\/sac-tourenportal\/2147000069\/ski_tour\/3186\">&nbsp;Ossasco<\/a>&nbsp;in ca. 3,5 Std.<br>\u2013 ab&nbsp;<a href=\"https:\/\/www.sac-cas.ch\/de\/huetten-und-touren\/sac-tourenportal\/459\/ski_tour\/5331\">All\u2019Acqua<\/a>&nbsp;in ca. 4 Std.<\/p>\n\n\n\n<p><strong>Tourenvorschl\u00e4ge:<\/strong><br>In der Rubrik \u201c<a href=\"http:\/\/capannacristallina.casticino.ch\/de\/cristallina-pass\/\"><strong>Aktivit\u00e4ten<\/strong><\/a>\u201d finden Sie einige Vorschl\u00e4ge f\u00fcr Ein- oder Mehrtageswanderungen. F\u00fcr weitere Ausk\u00fcnfte k\u00f6nnen Sie uns jederzeit anrufen.<\/p>\n\n\n\n<h3 class=\"wp-block-heading\">Anreise<\/h3>\n\n\n\n<p><strong>&nbsp;Auto<\/strong><br>Von Norden:<br>\u2022 A2 bis Airolo \u2013 Richtung Nufenenpass \u2013 Valle Bedretto<\/p>\n\n\n\n<p>Von S\u00fcden\/Valle Maggia:<br>\u2022 A2 bis Bellinzona \u2013 Richtung Locarno-Valle Maggia \u2013 Bavona (Robiei) oder Val Lavizzara (Lago Naret)<br>\u2022&nbsp;<a href=\"https:\/\/www.robiei.ch\/index.php\/de\/seilbahn\/informationen\" target=\"_blank\" rel=\"noreferrer noopener\">Funivia San Carlo Robiei<\/a>&nbsp;Luftseilbahn (nur Sommer)<\/p>\n\n\n\n<p><strong>&nbsp;\u00d6V<\/strong><br>\u2022 Mit dem Zug (S10) bis Airolo<br>\u2022 Mit dem Postauto ab Airolo SBB \u2013 Richtung Valle Bedretto<\/p>\n\n\n\n<p><strong>Taxi<\/strong>\u00a0ab Airolo<br>\u2022 Marchetti Taxi tel. +41 (0)91 873 30 35<br>\u2022 Gotthard Taxi tel. +41 (0)78 790 10 55 \u2013 Mail: info(at)gotthardtaxi.ch<\/p>\n\n\n\n<p><\/p>\n\n\n\n<p><strong>Cartina itinerari:<\/strong><\/p>\n\n\n\n<div> <iframe loading=\"lazy\" style=\"border: none; position: relative; width: 100%; height: 1000px;\" src=\"https:\/\/map.schweizmobil.ch\/?lang=it&#038;land=wanderland&#038;route=all&#038;bgLayer=pk&#038;season=summer&#038;resolution=2.5&#038;E=2683449&#038;N=1147079&#038;layers=Wanderland%2CAccomodation\" name=\"Cartina_svizzeramobile\" width=\"1000\" height=\"500\">\n<p>Il tuo browser non supporta gli iframe<\/p>\n<p>&nbsp;<\/p><\/iframe>\n<\/div>\n","protected":false},"excerpt":{"rendered":"<p>Wie erreichen Sie die Cristallina W\u00e4hrend den Sommermonaten ist die Cristallina H\u00fctte in wenigen Stunden einfach zu Fuss zu erreichen. Die meisten Wanderwege sind auch f\u00fcr Familien sehr gut geeignet. Im Winter hingegen bringen Skitouren vom Bedrettotal aus, von Robiei oder vom Formazza Tal her zur H\u00fctte. Lage \u2013 Passo Cristallina, Valle Bedretto \u2013 Val [&hellip;]<\/p>\n","protected":false},"author":1,"featured_media":0,"parent":0,"menu_order":0,"comment_status":"closed","ping_status":"closed","template":"","meta":{"pgc_sgb_lightbox_settings":"","footnotes":""},"class_list":["post-184","page","type-page","status-publish","hentry"],"_links":{"self":[{"href":"https:\/\/capannacristallina.casticino.ch\/index.php\/wp-json\/wp\/v2\/pages\/184","targetHints":{"allow":["GET"]}}],"collection":[{"href":"https:\/\/capannacristallina.casticino.ch\/index.php\/wp-json\/wp\/v2\/pages"}],"about":[{"href":"https:\/\/capannacristallina.casticino.ch\/index.php\/wp-json\/wp\/v2\/types\/page"}],"author":[{"embeddable":true,"href":"https:\/\/capannacristallina.casticino.ch\/index.php\/wp-json\/wp\/v2\/users\/1"}],"replies":[{"embeddable":true,"href":"https:\/\/capannacristallina.casticino.ch\/index.php\/wp-json\/wp\/v2\/comments?post=184"}],"version-history":[{"count":2,"href":"https:\/\/capannacristallina.casticino.ch\/index.php\/wp-json\/wp\/v2\/pages\/184\/revisions"}],"predecessor-version":[{"id":220,"href":"https:\/\/capannacristallina.casticino.ch\/index.php\/wp-json\/wp\/v2\/pages\/184\/revisions\/220"}],"wp:attachment":[{"href":"https:\/\/capannacristallina.casticino.ch\/index.php\/wp-json\/wp\/v2\/media?parent=184"}],"curies":[{"name":"wp","href":"https:\/\/api.w.org\/{rel}","templated":true}]}}